Calculate t(5).
-490
Let h(i) = 249028*i - 34863909. Calculate h(140).
11
Let y(v) = 3*v**3 + 91*v**2 + 2631*v + 78030. What is y(-30)?
0
Let c(l) = 3*l**2 - 3*l - 1506. Calculate c(-20).
-246
Let r(y) = 42*y**2 - 149*y + 120. Calculate r(7).
1135
Let d(q) = -3*q**3 + 649*q**2 - 1827*q - 64538. What is d(213)?
1
Let n(v) = 19*v**3 + 194*v**2 + 131*v + 905. Determine n(-10).
-5
Let m(z) = 2*z**3 + 281*z**2 - 128*z + 1825. Give m(-141).
-8
Let g(n) = 14000*n + 937991. Calculate g(-67).
-9
Let x(c) = 3161*c - 12553. Determine x(4).
91
Let h(s) = 1399*s + 959706. What is h(-686)?
-8
Let g(m) = -m**3 - 118*m**2 - 2645*m - 445. Calculate g(-88).
-5
Let p(i) = 11*i**2 + 36373*i + 109110. Calculate p(-3).
90
Let y(h) = -h**3 - h**2 + 241*h - 1347. Calculate y(8).
5
Let j(n) = -n**3 - 22*n**2 - 125*n + 160. What is j(-7)?
300
Let h(m) = -8*m**3 - 180*m**2 + 387*m - 48. Give h(2).
-58
Let k(c) = c**3 + 2*c**2 + 10*c - 9. Determine k(1).
4
Let h(x) = 565*x - 554. What is h(3)?
1141
Let z(t) = -30*t**2 + 4596*t - 879. Give z(153).
39
Let t(f) = 17*f**2 - 1051*f + 6265. Give t(6).
571
Let q(y) = 119*y + 22252. Give q(-190).
-358
Let a(n) = -16*n**3 - 303*n**2 + 4670*n + 33. Determine a(-29).
4
Let t(y) = 48*y**2 - 1351*y + 304. What is t(28)?
108
Let p(c) = -8*c**2 - 61*c + 7041. Give p(26).
47
Let o(q) = -13*q**3 + 51*q**2 + 58*q + 19. Calculate o(5).
-41
Let y(d) = 3*d**2 + 239*d + 4402. Calculate y(-48).
-158
Let h(z) = -z**3 - 13*z**2 - 73400*z - 807151. Calculate h(-11).
7
Let o(x) = 25815*x - 1187487. Determine o(46).
3
Let p(z) = 31*z**2 + 5955*z - 571. What is p(-192)?
-1147
Let u(v) = 2*v**3 + 25*v**2 + 7*v - 463. Determine u(-9).
41
Let a(i) = 17475*i - 10013180. Determine a(573).
-5
Let n(h) = -7*h**3 + 8*h**2 + 17*h + 55. Determine n(5).
-535
Let s(k) = 5*k**2 - 35624*k + 71251. Give s(2).
23
Let j(l) = 733*l + 2435. Calculate j(-4).
-497
Let u(k) = k**2 + 1340*k + 55672. Give u(-43).
-99
Let l(w) = -360*w - 34806. What is l(-97)?
114
Let n(s) = -4*s**2 + 2109*s - 188449. Give n(114).
-7
Let b(a) = -a**3 + 49*a**2 + 506*a + 404. Give b(-8).
4
Let g(o) = o**3 - 334*o**2 + 625*o - 208784. Determine g(334).
-34
Let p(a) = a**2 + 193*a + 9329. Calculate p(-101).
37
Let w(k) = k**3 + 11*k**2 - 86*k - 766. Give w(-11).
180
Let p(v) = 24*v**2 - 51*v - 227. Calculate p(4).
-47
Let w(v) = v**3 - 241*v**2 - 24093*v - 89. Determine w(-76).
-13
Let l(m) = 6*m**2 + 143*m + 555. Give l(-28).
1255
Let j(u) = 3726*u + 8504. Give j(-2).
1052
Let a(b) = 4*b**2 + 24*b - 9591. Determine a(46).
-23
Let k(g) = -16569*g + 331153. What is k(20)?
-227
Let q(b) = -2*b**3 - 65*b**2 - 148*b - 72. Give q(-30).
-132
Let a(p) = -192541*p - 1540328. Calculate a(-8).
0
Let r(m) = -m**3 - 12*m**2 + 56*m - 825. Give r(-18).
111
Let w(j) = 2*j**3 - 114*j**2 - 482*j - 203. What is w(61)?
163
Let v(s) = 2*s - 376. Give v(123).
-130
Let p(q) = q**3 + 30*q**2 - 55*q - 1610. What is p(-31)?
-866
Let t(y) = 560*y - 48005. Calculate t(86).
155
Let c(t) = -23*t**2 - 339*t + 55. Give c(4).
-1669
Let q(o) = 3*o**2 - 7653*o + 4850994. What is q(1176)?
-6
Let q(r) = -807511*r + 4037560. Give q(5).
5
Let i(q) = -q**2 - 122*q - 1725. Determine i(-14).
-213
Let q(s) = -24*s**2 + 73*s - 284. Calculate q(4).
-376
Let m(p) = -80*p - 9084. Give m(-148).
2756
Let g(a) = -36*a**3 + a**2 - 15*a - 28. Determine g(-2).
294
Let s(o) = o**2 - 831*o + 18118. Determine s(23).
-466
Let j(r) = 2*r**3 - 5*r**2 + 5882*r - 41230. What is j(7)?
385
Let f(w) = 6*w**2 + 1115*w - 49476. Calculate f(37).
-7
Let r(c) = -4172*c - 33246. Give r(-8).
130
Let y(f) = -178*f**3 + f + 11. Determine y(-2).
1433
Let g(i) = -2*i**2 - 30773*i - 5864691. Determine g(-193).
0
Let q(w) = -6*w**3 + 1101*w**2 - 14241*w + 34. Determine q(14).
-8
Let y(g) = 90*g - 4925. Calculate y(64).
835
Let x(m) = -31*m**3 - 683*m**2 - 16*m - 72. Calculate x(-22).
-204
Let y(v) = v**2 - 119*v - 837. Determine y(125).
-87
Let d(z) = -3747*z - 1097823. Give d(-293).
48
Let d(l) = -55*l - 13745. What is d(-259)?
500
Let r(d) = 16*d**3 - 6*d**2 + 14789*d + 14795. Give r(-1).
-16
Let t(v) = -v**3 + 43*v**2 + 88*v + 962. Calculate t(45).
872
Let y(n) = -19*n + 7946. Calculate y(343).
1429
Let z(i) = 204*i - 9778. Determine z(48).
14
Let k(x) = -2*x**3 + 297*x**2 - 367*x - 10868. What is k(147)?
10
Let i(s) = -38*s**2 + 3679*s + 754. Give i(97).
75
Let o(b) = 237*b**2 + 184*b - 7. Calculate o(-1).
46
Let h(n) = 20552*n + 61328. Determine h(-3).
-328
Let o(g) = -g**2 + 26*g - 25. Give o(-11).
-432
Let n(u) = -85777*u - 343030. Calculate n(-4).
78
Let v(s) = -423*s**2 - 1624*s - 1068. Give v(-3).
-3
Let h(b) = b**2 + 57*b + 324. What is h(-7)?
-26
Let y(c) = 25*c**2 - 734*c + 5367. Calculate y(14).
-9
Let f(o) = o**3 + 20230*o**2 - 101164*o - 9. Determine f(5).
46
Let b(k) = k**2 - 1026*k + 172611. What is b(212)?
43
Let l(a) = 2*a**2 + 198*a - 2518. Determine l(14).
646
Let k(c) = 18*c - 722. Calculate k(4).
-650
Let z(w) = 38393*w - 652686. Calculate z(17).
-5
Let c(i) = 389*i**2 + 1566*i + 6. What is c(-4)?
-34
Let z(s) = -3*s**3 + 981*s**2 - 683*s - 96179. Give z(326).
-9
Let g(m) = -54265*m + 5752078. Determine g(106).
-12
Let m(l) = 2*l**3 - 28*l**2 + 44*l + 15. Give m(9).
-399
Let g(c) = c**3 - 25*c**2 + 799*c - 17324. Give g(23).
-5
Let z(y) = y**2 - 688*y - 37021. Calculate z(-53).
2252
Let v(k) = -302*k + 94519. Calculate v(313).
-7
Let v(k) = 292*k + 57193. Calculate v(-196).
-39
Let z(x) = -8581*x + 94365. Determine z(11).
-26
Let h(o) = -713*o + 191495. Give h(270).
-1015
Let s(w) = w**2 + 409*w + 41697. Determine s(-216).
9
Let m(w) = -5085*w + 30572. Give m(6).
62
Let a(f) = -f**3 + 213*f**2 - 254*f + 8905. What is a(212)?
1
Let i(c) = 5953996*c + 29769993. What is i(-5)?
13
Let y(t) = -t**2 - 7799*t + 227007. Give y(29).
-5
Let v(y) = -101*y**2 + 20*y + 34. Calculate v(-3).
-935
Let r(h) = -6697*h - 1948832. Calculate r(-291).
-5
Let g(r) = 72*r**2 - 16*r - 276. Determine g(-6).
2412
Let y(f) = -2165*f - 500737. Calculate y(-231).
-622
Let x(g) = -g**2 - 87137*g - 784146. What is x(-9)?
6
Let b(o) = 182*o + 705. Determine b(-4).
-23
Let c(j) = -j**3 + 682*j**2 - 18332*j + 13089. What is c(654)?
9
Let m(n) = 5*n**2 - 287*n - 2740. What is m(-9)?
248
Let m(y) = 81322*y - 4391331. Determine m(54).
57
Let y(z) = 21*z**2 + 139*z - 592. What is y(-6)?
-670
Let v(f) = 2*f**3 - 38*f**2 - 322*f + 5611. Calculate v(20).
-29
Let n(c) = 17883*c - 17873. Give n(1).
10
Let n(v) = -122*v + 3637. Determine n(29).
99
Let m(v) = -6485*v + 531710. Calculate m(82).
-60
Let o(q) = -1874*q + 399001. Give o(213).
-161
Let h(y) = y**3 - 49*y**2 - 939*y + 24947. Determine h(58).
761
Let w(f) = -3083*f + 237353. Determine w(77).
-38
Let p(m) = 127*m + 3136. Give p(-24).
88
Let m(b) = -15*b**3 + 2392*b**2 + 4785*b - 1. Determine m(-2).
117
Let y(f) = 769*f + 3860. What is y(-5)?
15
Let q(a) = -8*a**2 - 74*a + 668. Calculate q(8).
-436
Let a(i) = 47483*i - 95361. Give a(2).
-395
Let m(u) = -38*u**3 + 714*u**2 + 916*u + 4. Determine m(20).
-76
Let u(x) = -x**3 + 316*x**2 - 426*x - 63399. Calculate u(314).
29
Let h(p) = -2*p**3 + 124*p**2 - 125*p - 126. What is h(61)?
-309
Let o(n) = n**2 - 4761*n - 10361247. Determine o(-1623).
-15
Let s(p) = 8*p**2 - 25*p - 774. Give s(0).
-774
Let z(h) = 6319*h**2 + 25304*h + 47. What is z(-4)?
-65
Let s(y) = -221*y + 4778. Determine s(21).
137
Let l(t) = t**2 - 404*t - 2411569. Determine l(-1364).
-17
Let m(p) = 4*p**3 - 69*p**2 + 180*p + 37. What is m(14)?
9
Let b(g) = g**3 - 263*g**2 + 7*g - 1787. What is b(263)?
54
Let h(t) = -23*t**2 + 847*t + 878. Calculate h(38).
-148
Let o(d) = -7456*d + 5. Calculate o(0).
5
Let n(c) = -325*c + 6878. What is n(19)?
703
Let w(b) = 3317622*b - 26540983. What is w(8)?
-7
Let r(z) = -12*z**3 + 9*z**2 + 525*z - 2151. Calculate r(4).
-675
Let c(n) = -23*n**2 - 366*n - 183. Calculate c(-22).
-3263
Let b(j) = 3*j**3 + 203*j**2 + 134*j + 74. Determine b(-67).
74
Let x(m) = m**2 - 20*m + 34. What is x(-11)?
375
Let k(s) = -1327*s - 359637. What is k(-271)?
-20
Let o(t) = 3*t**2 + 730*t + 6656. What is o(-234)?
104
Let a(f) = -170*f + 19569. Give a(115).
19
Let r(i) = 775*i - 110. Give r(1).
665
Let n(l) = 594*l - 11149. What is n(19)?
137
Let v(u) = 3*u**3 - 22*u**2 + 40*u - 14. What is v(3)?
-11
L